71, 17681
What are the prime factors of 2001064972?
2, 500266243
What are the prime factors of 105530163?
3, 35176721
What are the prime factors of 779217043?
11, 70837913
List the prime factors of 468607683.
3, 281, 389, 1429
What are the prime factors of 86333720?
2, 5, 11, 19, 23, 449
What are the prime factors of 97660239?
3, 32553413
What are the prime factors of 1320894521?
179, 607, 12157
What are the prime factors of 13865364?
2, 3, 19, 29, 233
What are the prime factors of 30828902?
2, 13, 353, 3359
List the prime factors of 1248549306.
2, 3, 208091551
What are the prime factors of 126975383?
2459, 51637
List the prime factors of 2642421719.
7, 113, 3340609
List the prime factors of 540358368.
2, 3, 11, 511703
What are the prime factors of 64972610?
2, 5, 6497261
List the prime factors of 242801485.
5, 29, 1033, 1621
What are the prime factors of 99638735?
5, 7, 2846821
What are the prime factors of 20235397?
7, 13, 222367
List the prime factors of 5191796070.
2, 3, 5, 57686623
List the prime factors of 53404591.
41, 113, 11527
What are the prime factors of 137173594?
2, 68586797
What are the prime factors of 412197169?
127, 337, 9631
List the prime factors of 23577151.
13, 1813627
What are the prime factors of 102746901?
3, 34248967
List the prime factors of 48400740.
2, 3, 5, 23, 433
What are the prime factors of 191433905?
5, 13, 226549
List the prime factors of 883077509.
883077509
List the prime factors of 617470393.
37, 16688389
List the prime factors of 463816750.
2, 5, 1855267
What are the prime factors of 1274259039?
3, 424753013
List the prime factors of 331334724.
2, 3, 7, 3944461
What are the prime factors of 186109858?
2, 11, 89, 8641
List the prime factors of 2035147696.
2, 127196731
List the prime factors of 197539672.
2, 11, 2244769
What are the prime factors of 7863346866?
2, 3, 727, 1802693
List the prime factors of 33716904.
2, 3, 13, 53, 2039
What are the prime factors of 46148157?
3, 11, 155381
What are the prime factors of 735943064?
2, 91992883
List the prime factors of 124266710.
2, 5, 12426671
What are the prime factors of 6100431226?
2, 3050215613
List the prime factors of 93134853.
3, 7, 18251
What are the prime factors of 1020028813?
19, 71, 227, 3331
List the prime factors of 23670692.
2, 5917673
List the prime factors of 4265698421.
29, 227, 647987
List the prime factors of 552801209.
552801209
What are the prime factors of 194492531?
19, 23, 29, 103, 149
List the prime factors of 4075199110.
2, 5, 23, 770359
What are the prime factors of 53676178?
2, 19, 109, 12959
List the prime factors of 171097811.
171097811
List the prime factors of 76918416.
2, 3, 1249, 1283
What are the prime factors of 2043752945?
5, 13, 31442353
What are the prime factors of 171830403?
3, 78569
What are the prime factors of 86394074?
2, 13, 29, 149, 769
List the prime factors of 5485494417.
3, 13, 67, 2099309
What are the prime factors of 560101078?
2, 109, 1063, 2417
List the prime factors of 416969048.
2, 59, 883409
List the prime factors of 16766502.
2, 3, 59, 47363
What are the prime factors of 1301979239?
11, 23, 467833
What are the prime factors of 368403194?
2, 31, 191677
What are the prime factors of 3705694681?
13, 653, 436529
List the prime factors of 6415167229.
6415167229
What are the prime factors of 4882961046?
2, 3, 229, 541, 6569
What are the prime factors of 8655632?
2, 37, 14621
List the prime factors of 242948789.
242948789
List the prime factors of 166760731.
883, 188857
List the prime factors of 3145858534.
2, 7, 13, 17, 23, 44207
List the prime factors of 809042235.
3, 5, 53936149
List the prime factors of 56919816.
2, 3, 79, 10007
List the prime factors of 1131646593.
3, 7, 11, 19, 257837
List the prime factors of 66487394.
2, 839, 39623
List the prime factors of 343385388.
2, 3, 31, 307693
What are the prime factors of 2735588857?
107, 25566251
What are the prime factors of 1553115959?
37, 2927, 14341
What are the prime factors of 493972447?
103, 1237, 3877
What are the prime factors of 377768420?
2, 5, 18888421
What are the prime factors of 1324778938?
2, 7, 4561, 20747
What are the prime factors of 732038729?
6827, 107227
List the prime factors of 4247203443.
3, 7, 89, 281, 8087
List the prime factors of 646331409.
3, 43, 421, 3967
What are the prime factors of 13002505?
5, 461, 5641
List the prime factors of 325426950.
2, 3, 5, 193, 1249
What are the prime factors of 283672369?
283672369
List the prime factors of 759412909.
8819, 86111
List the prime factors of 27770519.
7, 457, 8681
List the prime factors of 35182132.
2, 47, 187139
What are the prime factors of 3132441328?
2, 41, 4775063
What are the prime factors of 39402021?
3, 13134007
What are the prime factors of 81794229?
3, 11, 61, 179, 227
List the prime factors of 294095459.
7, 1087, 38651
List the prime factors of 36404008.
2, 4550501
List the prime factors of 820286924.
2, 17, 19, 29, 21893
List the prime factors of 3656159606.
2, 11, 6491, 25603
What are the prime factors of 213553634?
2, 7, 3631, 4201
What are the prime factors of 67906526?
2, 5717, 5939
List the prime factors of 541495941.
3, 7, 31, 79, 10529
What are the prime factors of 673135983?
3, 13, 5753299
List the prime factors of 52727623.
13, 1999, 2029
What are the prime factors of 7864761?
3, 17, 154211
List the prime factors of 124327462.
2, 7, 8880533
List the prime factors of 3152607019.
107, 29463617
What are the prime factors of 56811014?
2, 13, 89, 24551
What are the prime factors of 48311640?
2, 3, 5, 13, 31, 37
What are the prime factors of 330585689?
7, 17, 971, 2861
What are the prime factors of 757351936?
2, 11, 29, 4637
List the prime factors of 2969424.
2, 3, 17, 1213
List the prime factors of 165946493.
103, 1611131
List the prime factors of 1996048443.
3, 97, 1471, 4663
What are the prime factors of 824236710?
2, 3, 5, 11, 149, 16763
What are the prime factors of 3817519558?
2, 17, 19, 5909473
List the prime factors of 43090629.
3, 79, 113, 1609
What are the prime factors of 43755039?
3, 23, 70459
What are the prime factors of 5017921740?
2, 3, 5, 13, 827, 2593
List the prime factors of 28704522.
2, 3, 7, 11, 62131
What are the prime factors of 414121811?
414121811
What are the prime factors of 800144928?
2, 3, 11, 22961
What are the prime factors of 251678438?
2, 11, 17, 672937
What are the prime factors of 16019926?
2, 13, 19, 32429
List the prime factors of 136496670.
2, 3, 5, 977, 4657
List the prime factors of 2006749.
103, 19483
What are the prime factors of 48832762?
2, 11, 2219671
What are the prime factors of 67002061?
7, 71, 19259
List the prime factors of 480104950.
2, 5, 13, 738623
List the prime factors of 38229980.
2, 5, 1103, 1733
What are the prime factors of 82645894?
2, 199, 207653
List the prime factors of 241057963.
23, 2917, 3593
What are the prime factors of 865208268?
2, 3, 17, 83, 17033
List the prime factors of 7517932.
2, 47, 39989
List the prime factors of 864945555.
3, 5, 57663037
List the prime factors of 1255353109.
109, 1571, 7331
List the prime factors of 156837141.
3, 571, 3391
List the prime factors of 55173012.
2, 3, 4597751
What are the prime factors of 829880892?
2, 3, 23052247
What are the prime factors of 20065183?
20065183
What are the prime factors of 206683884?
2, 3, 11, 521929
What are the prime factors of 203108227?
7, 1229, 23609
What are the prime factors of 3926484?
2, 3, 29, 3761
What are the prime factors of 3057220863?
3, 181, 1876747
List the prime factors of 367635074.
2, 3121, 58897
What are the prime factors of 1716108355?
5, 13, 26401667
What are the prime factors of 1245962896?
2, 77872681
What are the prime factors of 1232997834?
2, 3, 1787, 114997
What are the prime factors of 882976443?
3, 79, 313, 11903
What are the prime factors of 43965382?
2, 21982691
List the prime factors of 40157058.
2, 3, 6692843
What are the prime factors of 288548043?
3, 7, 13740383
List the prime factors of 59829893.
59829893
What are the prime factors of 34493835?
3, 5, 19, 127, 953
List the prime factors of 805996.
2, 201499
What are the prime factors of 441621900?
2, 3, 5, 181, 2711
What are the prime factors of 381991305?
3, 5, 1879, 13553
What are the prime factors of 42383453?
7, 6054779
What are the prime factors 